 base 7?
-142
-100 (base 4) to base 11
-15
Convert 11 (base 2) to base 16.
3
What is -21 (base 14) in base 16?
-1d
What is 1 (base 7) in base 15?
1
2a (base 13) to base 12
30
What is -2e (base 16) in base 6?
-114
2 (base 11) to base 6
2
What is -27 (base 15) in base 14?
-29
Convert 22 (base 10) to base 8.
26
2102 (base 4) to base 10
146
-38 (base 12) to base 4
-230
What is 31 (base 5) in base 2?
10000
Convert -10 (base 4) to base 12.
-4
What is 1 (base 4) in base 16?
1
Convert -5 (base 6) to base 12.
-5
Convert 41 (base 9) to base 12.
31
-13 (base 9) to base 13
-c
Convert -11001110 (base 2) to base 11.
-178
Convert -45 (base 6) to base 16.
-1d
-3 (base 14) to base 13
-3
1b (base 13) to base 10
24
What is -221 (base 4) in base 11?
-38
What is -db (base 16) in base 11?
-18a
Convert 36 (base 13) to base 6.
113
Convert -372 (base 9) to base 16.
-134
Convert 2010 (base 3) to base 13.
45
Convert -1 (base 11) to base 13.
-1
Convert -7 (base 14) to base 13.
-7
Convert -113 (base 11) to base 8.
-207
What is -2a (base 13) in base 11?
-33
Convert -73 (base 10) to base 5.
-243
Convert -88 (base 11) to base 8.
-140
2 (base 4) to base 2
10
Convert 10000 (base 2) to base 8.
20
Convert -132 (base 4) to base 11.
-28
Convert 44 (base 11) to base 4.
300
What is 14 (base 8) in base 2?
1100
Convert 111 (base 4) to base 15.
16
Convert 101000 (base 2) to base 14.
2c
-1 (base 8) to base 3
-1
Convert -3113 (base 5) to base 16.
-198
Convert -111110 (base 2) to base 6.
-142
What is 1e (base 15) in base 12?
25
Convert 136 (base 12) to base 7.
354
What is 3 (base 15) in base 5?
3
20 (base 4) to base 13
8
Convert 4 (base 10) to base 5.
4
Convert 110 (base 4) to base 10.
20
-222 (base 4) to base 14
-30
What is 20 (base 5) in base 7?
13
Convert -10100001 (base 2) to base 11.
-137
Convert 7 (base 13) to base 2.
111
32 (base 4) to base 3
112
-122 (base 8) to base 7
-145
Convert 1 (base 2) to base 10.
1
263 (base 7) to base 15
98
Convert 131 (base 4) to base 10.
29
Convert -3 (base 16) to base 9.
-3
-6 (base 12) to base 14
-6
What is 2 (base 3) in base 5?
2
What is -4 (base 12) in base 4?
-10
Convert 19 (base 15) to base 11.
22
What is 7 (base 8) in base 10?
7
11 (base 12) to base 14
d
Convert b2 (base 12) to base 11.
112
Convert 2 (base 15) to base 2.
10
What is -28 (base 11) in base 8?
-36
24 (base 16) to base 9
40
What is -1 (base 7) in base 13?
-1
Convert 4 (base 5) to base 16.
4
Convert 20 (base 4) to base 8.
10
Convert -10011 (base 2) to base 7.
-25
-14 (base 13) to base 16
-11
2 (base 5) to base 3
2
-100110 (base 2) to base 10
-38
What is 235 (base 6) in base 12?
7b
31 (base 10) to base 13
25
What is -2 (base 11) in base 5?
-2
-3 (base 8) to base 4
-3
2 (base 14) to base 10
2
What is -8b (base 12) in base 11?
-98
5 (base 12) to base 2
101
-277 (base 9) to base 10
-232
Convert -312 (base 5) to base 13.
-64
126 (base 13) to base 14
105
Convert 24 (base 16) to base 15.
26
What is -5 (base 16) in base 6?
-5
Convert 10 (base 3) to base 9.
3
Convert -4 (base 7) to base 14.
-4
What is 66 (base 15) in base 12?
80
-1 (base 3) to base 2
-1
-2 (base 3) to base 10
-2
26 (base 8) to base 2
10110
Convert 0 (base 14) to base 16.
0
Convert 10 (base 6) to base 12.
6
Convert -1 (base 12) to base 13.
-1
11 (base 2) to base 16
3
Convert -6 (base 12) to base 16.
-6
-1 (base 8) to base 2
-1
-3 (base 11) to base 16
-3
-1 (base 15) to base 10
-1
108 (base 11) to base 8
201
Convert 8b (base 13) to base 4.
1303
-4 (base 7) to base 6
-4
Convert 16 (base 9) to base 5.
30
What is 0 (base 8) in base 10?
0
Convert -2 (base 7) to base 10.
-2
Convert -100 (base 2) to base 14.
-4
What is -59 (base 13) in base 11?
-68
3 (base 7) to base 5
3
What is -1 (base 9) in base 4?
-1
-1 (base 2) to base 8
-1
Convert -53 (base 6) to base 4.
-201
What is 27 (base 9) in base 16?
19
Convert -1 (base 13) to base 15.
-1
25 (base 15) to base 12
2b
What is -5 (base 14) in base 11?
-5
-10 (base 4) to base 8
-4
What is 12011 (base 3) in base 10?
139
Convert -4 (base 9) to base 15.
-4
Convert d (base 15) to base 8.
15
4 (base 7) to base 15
4
-9 (base 14) to base 8
-11
-14 (base 6) to base 14
-a
What is 11 (base 11) in base 14?
c
168 (base 12) to base 7
440
Convert -5 (base 13) to base 10.
-5
What is 0 (base 5) in base 11?
0
12 (base 13) to base 7
21
What is 53 (base 6) in base 9?
36
Convert -426 (base 7) to base 15.
-e6
What is 6 (base 12) in base 8?
6
Convert -1010 (base 2) to base 12.
-a
What is 2 (base 10) in base 2?
10
What is -200 (base 3) in base 16?
-12
Convert -3 (base 6) to base 5.
-3
What is -21 (base 5) in base 14?
-b
Convert -6 (base 8) to base 9.
-6
Convert 4 (base 10) to base 16.
4
What is -2 (base 14) in base 2?
-10
What is -166 (base 7) in base 9?
-117
What is 9 (base 11) in base 4?
21
Convert 2 (base 16) to base 5.
2
-75 (base 9) to base 4
-1010
What is -7 (base 14) in base 8?
-7
Convert 2 (base 9) to base 3.
2
1 (base 14) to base 12
1
-3 (base 4) to base 12
-3
What is 5 (base 7) in base 9?
5
-7 (base 10) to base 4
-13
Convert 8 (base 14) to base 16.
8
-220 (base 5) to base 2
-111100
-1 (base 15) to base 13
-1
What is -1 (base 14) in base 7?
-1
100100 (base 2) to base 12
30
-233 (base 4) to base 15
-32
Convert 10021 (base 3) to base 5.
323
Convert 31 (base 8) to base 16.
19
Convert -47 (base 8) to base 15.
-29
Convert 5 (base 6) to base 12.
5
-12 (base 14) to base 11
-15
70 (base 8) to base 11
51
-20 (base 6) to base 7
-15
What is b (base 14) in base 5?
21
What is 200 (base 7) in base 8?
142
Convert 25 (base 8) to base 7.
30
What is 2 (base 7) in base 3?
2
b (base 16) to base 9
12
-1 (base 7) to base 14
-1
-1 (base 2) to base 13
-1
2 (base 16) to base 9
2
257 (base 8) to base 2
10101111
Convert -5 (base 11) to base 6.
-5
Convert 10 (base 3) to base 9.
3
What is -1c (base 16) in base 14?
-20
-12 (base 16) to base 4
-102
c (base 16) to base 8
14
-2 (base 12) to base 14
-2
Convert -1 (base 6) to base 3.
-1
Convert -1 (base 11) to base 13.
-1
-3 (base 11) to base 8
-3
Convert 2 (base 10) to base 13.
2
What is 71 (base 15) in base 7?
211
-13 (base 6) to base 9
-10
2 (base 12) to base 3
2
What is -1 (base 12) in base 6?
-1
-423 (base 5) to base 11
-a3
Convert -11 (base 5) to base 16.
-6
Convert 2 (base 13) to base 11.
2
What is -1 (base 5) in base 10?
-1
Convert -10 (base 9) to base 3.
-100
3 (base 12) to base 3
10
What is 321 (base 4) in base 12?
49
What is -34 (base 16) in base 3?
-1221
55 (base 10) to base 16
37
61 (base 11) to base 5
232
What is -35 (base 12) in base 2?
-101001
Convert -ab (base 13) to base 11.
-119
What is 111 (base 2) in base 4?
13
Convert 11002 (base 3) to base 10.
110
What is -16 (base 14) in base 5?
-40
What is 4 (base 5) in base 6?
4
What is 3 (base 13) in base 16?
3
Convert 40 (base 11) to base 7.
62
26 (base 9) to base 6
40
What is 5 (base 10) in base 3?
12
2 (base 10) to base 7
2
-3 (base 16) to base 11
-3
What is 1 (base 15) in base 4?
1
What is -102 (base 3) in base 15?
-b
What is 2 (base 3) in base 9?
2
-30 (base 16) to base 12
-40
12 (base 4) to base 12
6
Convert -101 (base 3) to base 12.
-a
What is 65 (base 15) in base 7?
164
1 (base 10) to base 14
1
What is -1020 (base 4) in base 6?
-200
-20 (base 6) to base 14
-c
Convert 0 (base 4) to base 13.
0
1b (base 14) to base 8
31
-30 (base 4) to base 7
-15
101001101 (base 2) to base 10
333
-420 (base 7) to base 11
-181
-5 (base 8) to base 4
-11
100000 (base 2) to base 10
32
28 (base 16) to base 4
220
Convert 3 (base 4) to base 13.
3
What is 2 (base 15) in base 10?
2
24 (base 5) to base 10
14
Convert -51 (base 8) to base 5.
-131
-32 (base 5) to base 16
-11
Convert 3 (base 8) to base 4.
3
What is 62 (base 13) in base 10?
80
What is 100 (base 2) in base 7?
4
Convert -1e (base 15) to base 7.
-41
What is 20 (base 13) in base 8?
32
Convert 3 (base 13) to base 16.
3
Convert -103 (base 6) to base 16.
-27
Convert -26 (base 8) to base 12.
-1a
What is -5 (base 8) in base 3?
-12
-333 (base 5) to base 15
-63
What is -15 (base 11) in base 10?
-16
-b (base 13) to base 16
-b
Convert 10000000 (base 2) to base 11.
107
What is 11 (base 8) in base 13?
9
49 (base 13) to base 14
45
What is -19 (base 10) in base 12?
-17
-1 (base 11) to base 6
-1
What is -4 (base 8) in base 5?
-4
Convert -54 (base 9) to base 8.
-61
208 (base 9) to base 13
101
-5 (base 10) 